2
In base 10, what is -4 + 73?
69
In base 10, what is -58 + 22?
-36
In base 2, what is 1 - -111001011?
111001100
In base 10, what is 5 - 270?
-265
In base 4, what is 102122 - 0?
102122
In base 4, what is 12320 - -3?
12323
In base 2, what is 110 + -1010101?
-1001111
In base 8, what is -3 + 10756?
10753
In base 7, what is -40 + 43?
3
In base 3, what is 21211212 - 1?
21211211
In base 6, what is -1040 + -5?
-1045
In base 6, what is 335 + -1?
334
In base 10, what is 25 + 0?
25
In base 12, what is 0 - -26?
26
In base 3, what is -1020 + -100?
-1120
In base 3, what is -10 + 21101?
21021
In base 15, what is 553 + -2?
551
In base 12, what is -10 + 2b?
1b
In base 7, what is 30 + -36?
-6
In base 10, what is -29 + 3?
-26
In base 12, what is -5 + -18?
-21
In base 4, what is -11 - -12010?
11333
In base 15, what is 3 + 41b?
41e
In base 8, what is -2 - -1512?
1510
In base 4, what is 132 + -300?
-102
In base 4, what is 130 - 313?
-123
In base 10, what is -3 + -27?
-30
In base 2, what is 111000101 - 1?
111000100
In base 13, what is 17 - -3?
1a
In base 3, what is 1220222 - 10?
1220212
In base 7, what is 531 + 45?
606
In base 3, what is -11201 + 122?
-11002
In base 5, what is 2033 - 1?
2032
In base 16, what is 0 - 3?
-3
In base 3, what is 101120000 + 10?
101120010
In base 2, what is -1000010 - 101?
-1000111
In base 4, what is 10 - 113?
-103
In base 4, what is 103 + 30223?
30332
In base 13, what is -4 - 59?
-60
In base 6, what is 0 - -3?
3
In base 2, what is 1 + 10?
11
In base 10, what is 7759 + 2?
7761
In base 6, what is 112 + 3?
115
In base 10, what is 16 + 62?
78
In base 10, what is -4 - -11?
7
In base 9, what is 70 - 2?
67
In base 13, what is -232 - 5?
-237
In base 14, what is -6 + 4b?
45
In base 2, what is 1000010 + 100011?
1100101
In base 7, what is -2445 + -40?
-2515
In base 2, what is 101 - 10000?
-1011
In base 11, what is 215 + 3a?
254
In base 10, what is -1573 - 7?
-1580
In base 15, what is a + 6?
11
In base 13, what is -10 - 80?
-90
In base 3, what is 202 + -1221?
-1012
In base 11, what is -5 - -1193?
1189
In base 16, what is -162 + -2e?
-190
In base 3, what is -10 - 201?
-211
In base 16, what is 1 - -bef?
bf0
In base 3, what is -1 + 1102?
1101
In base 3, what is -12201022 + -11?
-12201110
In base 11, what is 3447 + -5?
3442
In base 16, what is -7b + 6?
-75
In base 13, what is -4090 - -4?
-4089
In base 3, what is 0 + -1201?
-1201
In base 11, what is 3 + 328?
330
In base 15, what is 4 + 569?
56d
In base 13, what is 27 - 51?
-27
In base 8, what is 2011 - 3?
2006
In base 10, what is 4 + -385?
-381
In base 5, what is -23242 + -3?
-23300
In base 14, what is 3 + -85?
-82
In base 3, what is 112221 + -2?
112212
In base 12, what is 3 - 258?
-255
In base 10, what is -5 - 547?
-552
In base 6, what is -24 + -54?
-122
In base 11, what is 5 + 11aa?
1204
In base 2, what is -10100 - -1111110011?
1111011111
In base 9, what is 1 + 5?
6
In base 13, what is -3 - 4a?
-50
In base 10, what is -5 - 22?
-27
In base 9, what is -5865 + -3?
-5868
In base 11, what is -104 - 11?
-115
In base 8, what is -30605 + -1?
-30606
In base 10, what is 35838 - 1?
35837
In base 14, what is 3 - -aa?
ad
In base 3, what is 11 - -221101?
221112
In base 10, what is -25 + -45?
-70
In base 13, what is 140 - -10?
150
In base 10, what is 0 + 543?
543
In base 3, what is 10 - -1?
11
In base 2, what is 110110111 + -1?
110110110
In base 10, what is 847 + 2?
849
In base 5, what is -41204 + -21?
-41230
In base 8, what is -1256 + 3?
-1253
In base 15, what is 5 - 87c?
-877
In base 11, what is -1a3 - 5?
-1a8
In base 16, what is -7 + 48?
41
In base 3, what is -10 - -111?
101
In base 7, what is 20 - 251?
-231
In base 13, what is 3b04 - 4?
3b00
In base 11, what is -2 - -3a?
38
In base 12, what is 561 - -2?
563
In base 14, what is -3 - -43c?
439
In base 11, what is 16 - 6?
10
In base 13, what is -2 + -55?
-57
In base 12, what is 4 + -2b1?
-2a9
In base 6, what is -5 - -2110?
2101
In base 15, what is -e81 - 5?
-e86
In base 3, what is -2111 - 2?
-2120
In base 4, what is 120112 - -11?
120123
In base 12, what is -3b + -12?
-51
In base 15, what is -29 - b?
-35
In base 12, what is 88 - 5?
83
In base 4, what is 33233011 + -3?
33233002
In base 8, what is 3775 - -3?
4000
In base 14, what is 5 - -b?
12
In base 14, what is 11 - 18?
-7
In base 11, what is 69 - -1?
6a
In base 10, what is -4888 + -5?
-4893
In base 5, what is 1301 + 12?
1313
In base 15, what is 1 + -6c?
-6b
In base 12, what is 130 + -4?
128
In base 2, what is -1010111 - -11?
-1010100
In base 2, what is 1 - 101?
-100
In base 16, what is 6a + -1?
69
In base 11, what is -25 + -64?
-89
In base 12, what is -1 - 1756?
-1757
In base 9, what is 248 + -2?
246
In base 3, what is -2221011 - 11?
-2221022
In base 15, what is 2 + -9a?
-98
In base 11, what is -5 + 3539?
3534
In base 16, what is -5 - -52?
4d
In base 16, what is 3 - 12b?
-128
In base 7, what is 120 - -3?
123
In base 10, what is -148 - 5?
-153
In base 3, what is 1 - -21202?
21210
In base 8, what is 73 + 1?
74
In base 3, what is 0 + 220101?
220101
In base 5, what is -322 + -4?
-331
In base 6, what is 135 - -2?
141
In base 12, what is -45b + -a?
-469
In base 3, what is -10 - 2000222?
-2001002
In base 3, what is -21120 - 12?
-21202
In base 11, what is -184 + 2?
-182
In base 6, what is -4 + -14242?
-14250
In base 7, what is 5111 - 3?
5105
In base 13, what is -13 - -73?
60
In base 13, what is -23 - 49?
-6c
In base 8, what is 3 + -70?
-65
In base 12, what is 5 - -11?
16
In base 14, what is -5 + -16b?
-172
In base 8, what is 2 - -764?
766
In base 13, what is -1b3 + -5?
-1b8
In base 6, what is -103 - 503?
-1010
In base 8, what is 2 + -615?
-613
In base 15, what is 2 + 274?
276
In base 15, what is 6b52 + -3?
6b4e
In base 16, what is 0 + 3d?
3d
In base 16, what is -16 - d?
-23
In base 6, what is 1342 + -3?
1335
In base 6, what is -110 - 32?
-142
In base 3, what is 10120120 - 21?
10120022
In base 16, what is 606 - -1?
607
In base 12, what is 64 - -a?
72
In base 15, what is 34 + b?
40
In base 5, what is -12422 - 11?
-12433
In base 3, what is 20020211 + 11?
20020222
In base 7, what is -215031 + -1?
-215032
In base 13, what is -2 - -98?
96
In base 12, what is -48b + 1a?
-471
In base 2, what is 10 - -101001000?
101001010
In base 12, what is -1b + -15?
-34
In base 8, what is -3 + 35?
32
In base 11, what is -1 - -6a?
69
In base 10, what is 113 - 7?
106
In base 12, what is -1 - -389?
388
In base 9, what is -1050 + 0?
-1050
In base 12, what is 3 - -52?
55
In base 16, what is 3a83 + 4?
3a87
In base 4, what is -12 + 32?
20
In base 3, what is 2 + -111?
-102
In base 8, what is -5 + -162?
-167
In base 9, what is 0 - 254?
-254
In base 2, what is -10110 + -110?
-11100
In base 7, what is -452 + 2?
-450
In base 3, what is -1000 - 102?
-1102
In base 14, what is 98cb + -3?
98c8
In base 6, what is 331 - -20?
351
In base 5, what is 111 + 3?
114
In base 9, what is 4117 - 4?
4113
In base 4, what is 302 + 100?
1002
In base 13, what is 19 - 3c?
-23
In base 4, what is 2013 - -2?
2021
In base 4, what is -300 - 1?
-301
In base 5, what is -30 - 23310?
-23340
In base 6, what is -10030 + 0?
-10030
In base 7, what is 435 + -4?
431
In base 4, what is -321302 + 0?
-321302
In base 3, what is -10 - -102?
22
In base 6, what is -1 - -1340?
1335
In base 15, what is -103 + -1?
-104
In base 16, what is 6 - 1e2?
-1dc
In base 8, what is -5224 - 5?
-5231
In base 16, what is -3 + 2fa?
2f7
In base 5, what is -4 + -140?
-144
In base 8, what is 0 - -3077?
3077
In base 9, what is -444 - -75?
-358
In base 3, what is 10 + 12012212?
12012222
In base 5, what is 2 - 10244?
-10242
In base 15, what is -5 + -1537?
-153c
In base 9, what is -3 + -1128?
-1132
In base 12, what is -836 - -1?
-835
In base 11, what is -52 + 6?
-47
In base 6, what is 4 + -34?
-30
In base 3, what is 2010 + -1?
2002
In base 6, what is -2112 + 1?
-2111
In base 3, what is 12221 - 22?
12122
In base 6, what is 11 + -31?
-20
In base 14, what is 5 - 68d?
-688
In base 5, what is -4 + 4011?
4002
In base 5, what is 240 + -10?
230
In base 3, what is -10 + -100201?
-100211
In base 10, what is -2 - 42?
-44
In base 7, what is -41 + -4?
-45
In base 8, what is 2 - -5?
7
In base 8, what is 165 - 27?
136
In base 3, what is 20212 - 12?
20200
In base 15, what is 2 - -1780?
1782
In base 14, what is -1 - 45?
-46
In base 8, wh